 - 48. Determine j(-3).
-21
Let b(r) = -139*r + 743. Determine b(6).
-91
Let q(y) = 9*y**2 + 10*y - 56. What is q(0)?
-56
Let t(p) = -p**3 - 21*p**2 - 24*p + 258. Calculate t(-19).
-8
Let g(y) = -81*y + 3801. Determine g(47).
-6
Let a(q) = q**3 + 9*q**2 - 11*q - 140. What is a(-7)?
35
Let o(k) = k**3 + 10*k**2 - 78*k - 22. Calculate o(-15).
23
Let b(x) = 8*x**2 + 14*x + 5. Give b(-3).
35
Let f(q) = q**2 - 24. Calculate f(-7).
25
Let k(x) = -4*x**3 + 110*x**2 + 54*x + 46. Give k(28).
-10
Let r(y) = -2*y**2 - 1456*y - 18588. Calculate r(-13).
2
Let s(x) = -11*x + 69. What is s(-8)?
157
Let s(r) = 6*r**2 + 593*r - 95. Determine s(-99).
4
Let a(d) = -1810*d + 7235. Calculate a(4).
-5
Let g(k) = -2*k**2 + 139*k + 614. What is g(65)?
1199
Let f(b) = b**3 + 83*b**2 - 264*b - 482. What is f(-86)?
34
Let v(q) = q**3 - 142*q**2 - 1195*q + 35. Give v(-8).
-5
Let k(x) = 41*x**2 + 116*x + 3. What is k(-2)?
-65
Let t(j) = -82*j + 308. Calculate t(-6).
800
Let a(k) = 1360*k + 8147. Give a(-6).
-13
Let b(t) = t**3 + 22*t**2 - 83*t - 101. What is b(-25)?
99
Let f(b) = -79*b + 255. Calculate f(0).
255
Let d(b) = -8*b**3 + b**2 + 5*b - 4. Give d(2).
-54
Let f(k) = -27*k**2 + 757*k - 19. Determine f(28).
9
Let y(n) = -3*n**2 - 25*n + 86. Calculate y(3).
-16
Let c(n) = -247*n + 6326. Determine c(26).
-96
Let p(f) = f**3 + 8*f**2 - 21*f - 88. Give p(-11).
-220
Let j(n) = -67*n + 9731. Give j(145).
16
Let p(k) = -19*k - 8. Determine p(5).
-103
Let k(u) = -u**3 - 12*u**2 + 71*u + 128. What is k(-16)?
16
Let u(q) = q**3 + 64*q**2 + 190*q + 383. Calculate u(-61).
-44
Let f(d) = -2*d**3 + 4*d**2 + 7*d + 15. Determine f(0).
15
Let k(p) = 107*p + 4255. What is k(-40)?
-25
Let p(w) = -1382*w - 9668. Give p(-7).
6
Let r(s) = 2*s**3 - 421*s**2 + 210*s + 3. Give r(210).
3
Let h(g) = -100*g - 35598. Determine h(-356).
2
Let z(y) = 1251*y + 20015. Calculate z(-16).
-1
Let b(p) = 1265*p + 22786. Give b(-18).
16
Let k(u) = 215*u - 992. Calculate k(5).
83
Let j(h) = 17*h**2 - 23*h. Determine j(2).
22
Let n(y) = 11*y + 172. Give n(10).
282
Let a(i) = -2*i**2 - 53*i - 100. What is a(-2)?
-2
Let m(b) = -16*b + 15. Determine m(11).
-161
Let y(o) = 9*o**3 - 215*o**2 - 33*o + 212. What is y(24)?
-4
Let y(q) = -8*q**2 - 526*q + 133. Give y(-66).
1
Let z(u) = -u**3 - 8*u**2 + 36*u + 150. What is z(-8)?
-138
Let r(c) = -c**3 + c**2 - 4*c + 28. Determine r(4).
-36
Let l(x) = -22*x**2 + 20*x + 64. Give l(-3).
-194
Let j(z) = 3*z**2 - 9*z + 27. Give j(11).
291
Let a(p) = -721*p + 13714. Determine a(19).
15
Let k(i) = 37*i. Calculate k(-3).
-111
Let r(y) = y**3 - 32*y**2 + 5*y - 47. What is r(32)?
113
Let b(s) = 3*s + 199. Give b(-29).
112
Let j(a) = 354*a - 639. Calculate j(2).
69
Let x(k) = 1054*k - 23184. Give x(22).
4
Let r(a) = -a**2 + 16*a + 216. What is r(25)?
-9
Let v(o) = -o**3 - 7*o**2 + 11*o + 23. Calculate v(-8).
-1
Let o(s) = 90*s + 550. Determine o(-9).
-260
Let r(k) = 50*k - 67. Determine r(7).
283
Let q(g) = -5*g**3 + 28*g**2 - 6*g. Calculate q(5).
45
Let b(f) = 484*f**3 + 1451*f**2 - 7*f - 3. Give b(-3).
9
Let t(q) = 2*q**2 - 328*q + 11026. Give t(47).
28
Let o(x) = -5*x**2 + 93*x + 94. What is o(20)?
-46
Let k(f) = -15*f - 441. What is k(-29)?
-6
Let g(k) = -4*k**2 - 7*k - 11. Give g(-4).
-47
Let k(f) = 5*f**2 - 9*f - 4. What is k(2)?
-2
Let l(p) = p**3 + 3*p**2 - 12*p - 7. Give l(-3).
29
Let v(c) = 5*c**2 + 11*c - 59. Give v(4).
65
Let p(h) = 9*h**2 + 63*h - 4. Calculate p(-7).
-4
Let r(o) = -o**3 + 58*o**2 + 65*o - 384. What is r(59)?
-30
Let b(j) = -1135*j**2 + 4539*j - 2. What is b(4)?
-6
Let f(x) = -12*x + 43. What is f(-5)?
103
Let p(g) = -g**2 + 23*g + 223. Calculate p(31).
-25
Let l(v) = 10*v**3 - 229*v**2 - 3*v - 447. Determine l(23).
13
Let m(f) = -786*f - 3924. Calculate m(-5).
6
Let d(t) = 3*t**2 - 684*t - 15678. What is d(-21)?
9
Let u(s) = 2*s + 79. Determine u(-102).
-125
Let n(p) = p**2 - 3*p - 2359. Determine n(50).
-9
Let u(i) = -18*i - 39. Determine u(-4).
33
Let r(n) = 11*n**2 - 927*n - 677. Calculate r(85).
3
Let y(p) = 2*p**2 - 13*p + 15. Determine y(5).
0
Let d(y) = -y**2 - 66*y - 1006. Calculate d(-42).
2
Let a(z) = z**3 - 2*z**2 - 23*z + 93. Calculate a(6).
99
Let y(h) = -4*h**3 - 23*h**2 - 48*h. What is y(-6)?
324
Let z(m) = 1958*m - 17654. Determine z(9).
-32
Let o(i) = -238*i - 15226. Give o(-64).
6
Let z(x) = x**3 - 156*x**2 - 137*x - 3089. Give z(157).
51
Let f(x) = -2*x**2 + 27*x + 77. Calculate f(-8).
-267
Let h(q) = -q**3 - 28*q**2 - 45*q - 18. Determine h(-1).
0
Let d(w) = 34*w**2 - 196*w - 46. Calculate d(6).
2
Let k(j) = -j**2 + 11*j + 255. Give k(20).
75
Let w(x) = x**3 + 6*x**2 + 36*x + 285. Calculate w(-10).
-475
Let q(m) = -m**2 + 163*m - 5525. Calculate q(115).
-5
Let d(s) = -2*s**3 + 32*s**2 - 30*s - 16. What is d(15)?
-16
Let f(y) = -1709*y + 11963. Give f(7).
0
Let g(i) = -2*i**3 - 21*i**2 - 37*i - 527. Determine g(-11).
1
Let g(z) = -62*z**2 + 8989*z + 153. Calculate g(145).
8
Let a(r) = 213*r**2 + 6*r + 7. Determine a(-1).
214
Let x(c) = -2*c**3 + 6*c**2 + 12*c - 10. Calculate x(4).
6
Let g(l) = -453*l - 1473. Calculate g(-3).
-114
Let p(l) = -363*l + 1575. What is p(4)?
123
Let c(p) = -p**2 - 634*p - 58460. Give c(-112).
4
Let r(i) = -2*i - 51. What is r(-45)?
39
Let y(u) = -59*u - 12. Determine y(1).
-71
Let z(x) = -4*x**2 - 34*x + 910. Give z(17).
-824
Let d(b) = 40*b + 107. Determine d(-3).
-13
Let c(i) = 10*i**2 + 99*i + 299. What is c(-3)?
92
Let f(t) = -t**2 + 242*t + 3020. Determine f(-12).
-28
Let k(a) = -646*a - 2020. Determine k(-3).
-82
Let q(j) = -453*j - 26719. Determine q(-59).
8
Let k(s) = 50588*s - 50591. What is k(1)?
-3
Let h(g) = g**2 + 78*g + 1387. What is h(-28)?
-13
Let r(f) = 3*f**3 - 60*f**2 + 62*f - 104. Calculate r(19).
-9
Let o(p) = 508*p - 4065. Determine o(8).
-1
Let c(x) = -422*x - 165420. Give c(-392).
4
Let y(g) = -g**3 + 22*g**2 - g + 46. Give y(22).
24
Let a(n) = 54*n - 40. Determine a(-3).
-202
Let m(j) = j**3 + 2*j**2 - 42*j - 129. What is m(-4)?
7
Let n(s) = -29*s**2 + 579*s + 12. Determine n(20).
-8
Let j(v) = 226*v - 2442. What is j(10)?
-182
Let q(j) = 75*j + 37. Calculate q(-5).
-338
Let w(r) = -13*r**2 + 512*r - 513. Give w(1).
-14
Let p(l) = -31*l**2 + 1424*l + 77. Determine p(46).
-15
Let y(q) = -q**2 + 242*q - 13606. Calculate y(153).
11
Let n(z) = z**3 + 5*z**2 - 54*z - 45. What is n(-10)?
-5
Let x(i) = i**3 - 12*i**2 - 24*i + 125. Give x(5).
-170
Let d(s) = -s**3 + s**2 + 2*s - 29. What is d(-4)?
43
Let h(m) = m**2 - 20*m + 84. Calculate h(10).
-16
Let y(t) = 36403*t + 36397. Calculate y(-1).
-6
Let w(f) = f**3 - 43*f**2 - 47*f + 174. Calculate w(44).
42
Let a(z) = -469*z - 6542. Determine a(-14).
24
Let x(p) = p**2 + 22*p + 93. Give x(-20).
53
Let y(g) = -12*g**2 + 385*g - 73. What is y(32)?
-41
Let p(s) = -6*s - 67. Calculate p(-20).
53
Let o(v) = v**3 - 18*v**2 + 60*v - 124. What is o(14)?
-68
Let i(r) = r**3 - 4*r**2 + 202*r + 672. Calculate i(-3).
3
Let o(y) = -32*y + 858. Give o(33).
-198
Let a(b) = 168*b - 239. What is a(3)?
265
Let a(h) = -254*h + 951. What is a(4)?
-65
Let n(m) = -125*m + 851. Determine n(8).
-149
Let n(a) = -a**2 - 10*a + 41. Calculate n(3).
2
Let v(y) = y**2 + 216*y + 5432. Give v(-29).
9
Let u(g) = g**3 + 15*g**2 + 37*g + 46. Give u(-12).
34
Let z(o) = 37*o + 2191. Give z(-59).
8
Let a(k) = 7*k**2 - 25*k - 142. Determine a(-3).
-4
Let k(s) = -s**3 + 132*s**2 + 540*s + 558. Calculate k(136).
14
Let s(v) = 2*v**2 + 66*v - 7. What is s(-35)?
133
Let s(z) = -2883*z - 46126. What is s(-16)?
2
Let x(o) = -2*o**2 + 11419*o + 57131. Calculate x(-5).
-14
Let j(o) = o**3 - 5*o**2 - 71*o + 46. Calculate j(13).
475
Let u(h) = -36*h + 2147. What is u(60)?
-13
Let w(r) = -58*r**2 + 12*r. What is w(1)?
-46
Let q(f) = 11491*f - 11495. Calculate q(1).
-4
Let c(w) = 70*w + 414. What is c(-6)?
-6
Let g(o) = 3*o**3 + 41*o**2 + 68*o + 100. Calculate g(-12).
4
Let c(z) = z**2 + 581*z + 10673. Give c(-19).
-5
Let i(t) = -15*t + 262. Give i(19).
-23
Let y(j) = 38*j + 504. Give y(5).
694
Let z(a) = -a**2 - 2*a + 3359. What is z(-59)?
-4
Let x(n) = -3*n**2 + 77*n + 4. Give x(27).
-104
Let w(j) = j**3 - 3*j**2 - 24*j + 37. What is w(6)?
1
Let z(k) = -k**2 - 36*k - 47. What is z(-33)?
52
Let r(v) = -12*v - 138. Calculate r(-7).
-54
Let w(j) = j**2 - 11*j - 187. Determine w(22).